{"id":28797,"date":"2021-08-10T11:57:02","date_gmt":"2021-08-10T11:57:02","guid":{"rendered":"https:\/\/www.silviakelly.it\/product\/bracciale-albero-vita\/"},"modified":"2026-03-12T17:34:42","modified_gmt":"2026-03-12T17:34:42","slug":"bracciale-albero-vita-diamanti","status":"publish","type":"product","link":"https:\/\/www.silviakelly.it\/it\/prodotto\/bracciale-albero-vita-diamanti\/","title":{"rendered":"Albero Vita Diamanti"},"content":{"rendered":"\t\t<div data-elementor-type=\"page\" data-elementor-id=\"25857\" class=\"elementor elementor-25857 elementor-24322\" data-elementor-post-type=\"elementor_library\">\n\t\t\t\t\t\t<section class=\"elementor-section elementor-top-section elementor-element elementor-element-e68b9b7 elementor-section-full_width elementor-section-height-default elementor-section-height-default\" data-id=\"e68b9b7\" data-element_type=\"section\" data-e-type=\"section\">\n\t\t\t\t\t\t<div class=\"elementor-container elementor-column-gap-default\">\n\t\t\t\t\t<div class=\"elementor-column elementor-col-100 elementor-top-column elementor-element elementor-element-a0a2560\" data-id=\"a0a2560\" data-element_type=\"column\" data-e-type=\"column\">\n\t\t\t<div class=\"elementor-widget-wrap elementor-element-populated\">\n\t\t\t\t\t\t<div class=\"elementor-element elementor-element-7c0a3d4 elementor-widget elementor-widget-pp-flipbox\" data-id=\"7c0a3d4\" data-element_type=\"widget\" data-e-type=\"widget\" data-widget_type=\"pp-flipbox.default\">\n\t\t\t\t<div class=\"elementor-widget-container\">\n\t\t\t\t\t\t\t<div class=\"pp-flipbox-container pp-animate-fade pp-direction-\">\n\t\t\t<div class=\"pp-flipbox-flip-card\">\n\t\t\t\t\t\t<div class=\"pp-flipbox-front\">\n\t\t\t<div class=\"pp-flipbox-overlay\">\n\t\t\t\t<div class=\"pp-flipbox-inner\">\n\t\t\t\t\t<div class=\"pp-flipbox-icon-image pp-icon\">\n\t\t\t\t\t\t\t\t\t\t\t\t\t<i aria-hidden=\"true\" class=\"icon icon-diamond11\"><\/i>\t\t\t\t\t\t\t\t\t\t\t<\/div>\n\n\t\t\t\t\t<h3 class=\"pp-flipbox-heading\">\n\t\t\t\t\t\tIL DIAMANTE\t\t\t\t\t<\/h3>\n\n\t\t\t\t\t<div class=\"pp-flipbox-content\">\n\t\t\t\t\t\t\t\t\t\t\t<\/div>\n\t\t\t\t<\/div>\n\t\t\t<\/div>\n\t\t<\/div>\n\t\t\t\t<div class=\"pp-flipbox-back\">\n\t\t\t\t\t\t<div class=\"pp-flipbox-overlay\">\n\t\t\t\t<div class=\"pp-flipbox-inner\">\n\t\t\t\t\t\t\t\t\t\t\t<div class=\"pp-flipbox-icon-image-back pp-icon\">\n\t\t\t\t\t\t\t\t\t\t\t\t\t\t\t<i aria-hidden=\"true\" class=\"icon icon-diamond\"><\/i>\t\t\t\t\t\t\t\t\t\t\t\t\t<\/div>\n\t\t\t\t\t\n\t\t\t\t\t\t\t\t\t\t\t<h3 class=\"pp-flipbox-heading\">\n\t\t\t\t\t\t\tIL DIAMANTE\t\t\t\t\t\t<\/h3>\n\t\t\t\t\t\n\t\t\t\t\t<div class=\"pp-flipbox-content\">\n\t\t\t\t\t\tIl nome della pietra deriva dalla parola greca adamas che significa \u201cindomabile\u201d, a indicare la sua particolare durezza. \u00c8 il materiale pi\u00f9 duro esistente in natura, con una brillantezza abbagliante.\nLe propriet\u00e0 del diamante risaltano maggiormente con il taglio \u201ca brillante\u201d. e che rafforzi la mente e attiri la prosperit\u00e0.\t\t\t\t\t<\/div>\n\n\t\t\t\t\t\t\t\t\t<\/div>\n\t\t\t<\/div>\n\t\t<\/div>\n\t\t\t\t\t<\/div>\n\t\t<\/div>\n\t\t\t\t\t\t<\/div>\n\t\t\t\t<\/div>\n\t\t\t\t\t<\/div>\n\t\t<\/div>\n\t\t\t\t\t<\/div>\n\t\t<\/section>\n\t\t\t\t<\/div>\n\t\t\n\t\t<div data-elementor-type=\"page\" data-elementor-id=\"25861\" class=\"elementor elementor-25861 elementor-25597\" data-elementor-post-type=\"elementor_library\">\n\t\t\t\t\t\t<section class=\"elementor-section elementor-top-section elementor-element elementor-element-748b1908 elementor-section-full_width elementor-section-height-default elementor-section-height-default\" data-id=\"748b1908\" data-element_type=\"section\" data-e-type=\"section\">\n\t\t\t\t\t\t<div class=\"elementor-container elementor-column-gap-default\">\n\t\t\t\t\t<div class=\"elementor-column elementor-col-100 elementor-top-column elementor-element elementor-element-39958eb6\" data-id=\"39958eb6\" data-element_type=\"column\" data-e-type=\"column\">\n\t\t\t<div class=\"elementor-widget-wrap elementor-element-populated\">\n\t\t\t\t\t\t<div class=\"elementor-element elementor-element-137dd25c elementor-widget elementor-widget-pp-flipbox\" data-id=\"137dd25c\" data-element_type=\"widget\" data-e-type=\"widget\" data-widget_type=\"pp-flipbox.default\">\n\t\t\t\t<div class=\"elementor-widget-container\">\n\t\t\t\t\t\t\t<div class=\"pp-flipbox-container pp-animate-fade pp-direction-\">\n\t\t\t<div class=\"pp-flipbox-flip-card\">\n\t\t\t\t\t\t<div class=\"pp-flipbox-front\">\n\t\t\t<div class=\"pp-flipbox-overlay\">\n\t\t\t\t<div class=\"pp-flipbox-inner\">\n\t\t\t\t\t<div class=\"pp-flipbox-icon-image pp-icon\">\n\t\t\t\t\t\t\t\t\t\t\t\t\t<i aria-hidden=\"true\" class=\"icon icon-diamond11\"><\/i>\t\t\t\t\t\t\t\t\t\t\t<\/div>\n\n\t\t\t\t\t<h3 class=\"pp-flipbox-heading\">\n\t\t\t\t\t\tIL DIAMANTE NERO\t\t\t\t\t<\/h3>\n\n\t\t\t\t\t<div class=\"pp-flipbox-content\">\n\t\t\t\t\t\t\t\t\t\t\t<\/div>\n\t\t\t\t<\/div>\n\t\t\t<\/div>\n\t\t<\/div>\n\t\t\t\t<div class=\"pp-flipbox-back\">\n\t\t\t\t\t\t<div class=\"pp-flipbox-overlay\">\n\t\t\t\t<div class=\"pp-flipbox-inner\">\n\t\t\t\t\t\t\t\t\t\t\t<div class=\"pp-flipbox-icon-image-back pp-icon\">\n\t\t\t\t\t\t\t\t\t\t\t\t\t\t\t<i aria-hidden=\"true\" class=\"icon icon-diamond\"><\/i>\t\t\t\t\t\t\t\t\t\t\t\t\t<\/div>\n\t\t\t\t\t\n\t\t\t\t\t\t\t\t\t\t\t<h3 class=\"pp-flipbox-heading\">\n\t\t\t\t\t\t\tIL DIAMANTE NERO\t\t\t\t\t\t<\/h3>\n\t\t\t\t\t\n\t\t\t\t\t<div class=\"pp-flipbox-content\">\n\t\t\t\t\t\tI diamanti neri sono simili ai diamanti bianchi, ma hanno una quantit\u00e0 estremamente elevata di inclusioni, di grafite al loro interno al punto da apparire neri. Mentre i diamanti bianchi e altri diamanti colorati sono solitamente estratti da roccia vulcanica esplosiva, il diamante nero viene estratto da depositi alluvionali in Brasile e nella Repubblica Centrafricana. Si dice che: nel 2006, in un articolo sull'Astrophysical Journal Letters, alcuni ricercatori teorizzano che il diamante nero abbia avuto origine nello spazio esterno, per poi ricadere nell'atmosfera terrestre.\t\t\t\t\t<\/div>\n\n\t\t\t\t\t\t\t\t\t<\/div>\n\t\t\t<\/div>\n\t\t<\/div>\n\t\t\t\t\t<\/div>\n\t\t<\/div>\n\t\t\t\t\t\t<\/div>\n\t\t\t\t<\/div>\n\t\t\t\t\t<\/div>\n\t\t<\/div>\n\t\t\t\t\t<\/div>\n\t\t<\/section>\n\t\t\t\t<\/div>\n\t\t\n","protected":false},"excerpt":{"rendered":"<h4>Bracciale Albero Vita Diamanti<\/h4>\n<p>\u201cFiori e frutti deliziano l\u2019osservatore, ma le radici profonde salvano l\u2019albero nella tempesta.\u201d \u2013 Ferruccio Parrinello<\/p>\n<p data-path-to-node=\"4\">Il bracciale &#8220;<strong>Albero<\/strong> \u00a0<strong>Vita<\/strong>&#8221; firmata Silvia Kelly \u00e8 molto pi\u00f9 di un semplice accessorio; \u00e8 un racconto visivo che celebra la forza dell&#8217;esistenza, la crescita e le radici profonde che ci definiscono. In questa creazione esclusiva in <strong>oro rosa e bianco<\/strong> 18kt, il cuore del design \u00e8 impreziosito da una selezione di <b data-path-to-node=\"4\" data-index-in-node=\"302\">diamanti<\/b> purissimi, incastonati con maestria per infondere luce a ogni ramo e foglia della composizione.<br \/>\nI <b data-path-to-node=\"4\" data-index-in-node=\"409\">diamanti<\/b>, simboli universali di forza invincibile e purezza, trasformano questo simbolo millenario in un gioiello di lusso contemporaneo, capace di catturare lo sguardo attraverso riflessi magnetici e una brillantezza senza pari. Scegliere un gioiello con <b data-path-to-node=\"4\" data-index-in-node=\"665\">diamanti<\/b> per rappresentare l&#8217;Albero della Vita significa dare un valore eterno ai propri legami e alla propria storia personale.<\/p>\n<p data-path-to-node=\"5\">L&#8217;<strong>artigianalit\u00e0<\/strong> Made in Italy emerge prepotentemente nella delicatezza del traforo e nella precisione con cui i <b data-path-to-node=\"5\" data-index-in-node=\"112\">diamanti<\/b> sono stati posizionati lungo la struttura. Realizzato interamente <strong>a mano<\/strong>, ogni bracciale richiede ore di paziente lavoro orafo per assicurare che la luce possa attraversare ogni gemma, esaltando il fuoco naturale dei <b data-path-to-node=\"5\" data-index-in-node=\"338\">diamanti<\/b>.<br \/>\nLa montatura \u00e8 studiata per essere leggera e confortevole, permettendo ai <b data-path-to-node=\"5\" data-index-in-node=\"422\">diamanti<\/b> di risaltare sulla pelle come piccole stelle incastonate nell&#8217;oro. Questa attenzione al dettaglio \u00e8 ci\u00f2 che distingue una creazione di alta gioielleria <strong>artigianale<\/strong>: una cura che si avverte al tatto e che garantisce la massima sicurezza e durata nel tempo per ogni singolo diamante incastonato.<\/p>\n<p data-path-to-node=\"6\">Indossare il bracciale <strong>Albero Vita<\/strong> con <b data-path-to-node=\"6\" data-index-in-node=\"45\">diamanti<\/b> significa portare con s\u00e9 un messaggio di speranza e di continuit\u00e0, reso splendente dalla pietra pi\u00f9 preziosa al mondo. Che sia un regalo per celebrare una nuova nascita, un traguardo importante o un legame indissolubile, questo gioiello con <b data-path-to-node=\"6\" data-index-in-node=\"295\">diamanti<\/b> parla un linguaggio di amore e bellezza senza tempo. Ogni volta che il polso si muove, i <b data-path-to-node=\"6\" data-index-in-node=\"393\">diamanti<\/b> scintillano, ricordandoci la luminosit\u00e0 dei nostri sogni e la solidit\u00e0 delle nostre radici.<\/p>\n<p data-path-to-node=\"6\">Grazie alla fusione tra design simbolico e l&#8217;eccellenza delle pietre selezionate, il bracciale <strong>Albero Vita<\/strong> diventa un tesoro da custodire, un\u2019icona di stile che celebra la vita attraverso la luce eterna dei <b data-path-to-node=\"6\" data-index-in-node=\"707\">diamanti<\/b>.<\/p>\n<p data-path-to-node=\"6\">\n","protected":false},"featured_media":28795,"template":"","meta":{"_acf_changed":false},"product_brand":[],"product_cat":[325],"product_tag":[],"class_list":{"0":"post-28797","1":"product","2":"type-product","3":"status-publish","4":"has-post-thumbnail","6":"product_cat-bracciali","8":"first","9":"instock","10":"shipping-taxable","11":"purchasable","12":"product-type-simple"},"acf":[],"_links":{"self":[{"href":"https:\/\/www.silviakelly.it\/it\/wp-json\/wp\/v2\/product\/28797","targetHints":{"allow":["GET"]}}],"collection":[{"href":"https:\/\/www.silviakelly.it\/it\/wp-json\/wp\/v2\/product"}],"about":[{"href":"https:\/\/www.silviakelly.it\/it\/wp-json\/wp\/v2\/types\/product"}],"version-history":[{"count":7,"href":"https:\/\/www.silviakelly.it\/it\/wp-json\/wp\/v2\/product\/28797\/revisions"}],"predecessor-version":[{"id":38541,"href":"https:\/\/www.silviakelly.it\/it\/wp-json\/wp\/v2\/product\/28797\/revisions\/38541"}],"wp:featuredmedia":[{"embeddable":true,"href":"https:\/\/www.silviakelly.it\/it\/wp-json\/wp\/v2\/media\/28795"}],"wp:attachment":[{"href":"https:\/\/www.silviakelly.it\/it\/wp-json\/wp\/v2\/media?parent=28797"}],"wp:term":[{"taxonomy":"product_brand","embeddable":true,"href":"https:\/\/www.silviakelly.it\/it\/wp-json\/wp\/v2\/product_brand?post=28797"},{"taxonomy":"product_cat","embeddable":true,"href":"https:\/\/www.silviakelly.it\/it\/wp-json\/wp\/v2\/product_cat?post=28797"},{"taxonomy":"product_tag","embeddable":true,"href":"https:\/\/www.silviakelly.it\/it\/wp-json\/wp\/v2\/product_tag?post=28797"}],"curies":[{"name":"wp","href":"https:\/\/api.w.org\/{rel}","templated":true}]}}

<div data-elementor-type="page" data-elementor-id="25857" class="elementor elementor-25857 elementor-24322" data-elementor-post-type="elementor_library">
						<section class="elementor-section elementor-top-section elementor-element elementor-element-e68b9b7 elementor-section-full_width elementor-section-height-default elementor-section-height-default" data-id="e68b9b7" data-element_type="section" data-e-type="section">
						<div class="elementor-container elementor-column-gap-default">
					<div class="elementor-column elementor-col-100 elementor-top-column elementor-element elementor-element-a0a2560" data-id="a0a2560" data-element_type="column" data-e-type="column">
			<div class="elementor-widget-wrap elementor-element-populated">
						<div class="elementor-element elementor-element-7c0a3d4 elementor-widget elementor-widget-pp-flipbox" data-id="7c0a3d4" data-element_type="widget" data-e-type="widget" data-widget_type="pp-flipbox.default">
				<div class="elementor-widget-container">
							<div class="pp-flipbox-container pp-animate-fade pp-direction-">
			<div class="pp-flipbox-flip-card">
						<div class="pp-flipbox-front">
			<div class="pp-flipbox-overlay">
				<div class="pp-flipbox-inner">
					<div class="pp-flipbox-icon-image pp-icon">
													<i aria-hidden="true" class="icon icon-diamond11"></i>											</div>

					<h3 class="pp-flipbox-heading">
						IL DIAMANTE					</h3>

					<div class="pp-flipbox-content">
											</div>
				</div>
			</div>
		</div>
				<div class="pp-flipbox-back">
						<div class="pp-flipbox-overlay">
				<div class="pp-flipbox-inner">
											<div class="pp-flipbox-icon-image-back pp-icon">
															<i aria-hidden="true" class="icon icon-diamond"></i>													</div>
					
											<h3 class="pp-flipbox-heading">
							IL DIAMANTE						</h3>
					
					<div class="pp-flipbox-content">
						Il nome della pietra deriva dalla parola greca adamas che significa “indomabile”, a indicare la sua particolare durezza. È il materiale più duro esistente in natura, con una brillantezza abbagliante.
Le proprietà del diamante risaltano maggiormente con il taglio “a brillante”. e che rafforzi la mente e attiri la prosperità.					</div>

									</div>
			</div>
		</div>
					</div>
		</div>
						</div>
				</div>
					</div>
		</div>
					</div>
		</section>
				</div>
		
		<div data-elementor-type="page" data-elementor-id="25861" class="elementor elementor-25861 elementor-25597" data-elementor-post-type="elementor_library">
						<section class="elementor-section elementor-top-section elementor-element elementor-element-748b1908 elementor-section-full_width elementor-section-height-default elementor-section-height-default" data-id="748b1908" data-element_type="section" data-e-type="section">
						<div class="elementor-container elementor-column-gap-default">
					<div class="elementor-column elementor-col-100 elementor-top-column elementor-element elementor-element-39958eb6" data-id="39958eb6" data-element_type="column" data-e-type="column">
			<div class="elementor-widget-wrap elementor-element-populated">
						<div class="elementor-element elementor-element-137dd25c elementor-widget elementor-widget-pp-flipbox" data-id="137dd25c" data-element_type="widget" data-e-type="widget" data-widget_type="pp-flipbox.default">
				<div class="elementor-widget-container">
							<div class="pp-flipbox-container pp-animate-fade pp-direction-">
			<div class="pp-flipbox-flip-card">
						<div class="pp-flipbox-front">
			<div class="pp-flipbox-overlay">
				<div class="pp-flipbox-inner">
					<div class="pp-flipbox-icon-image pp-icon">
													<i aria-hidden="true" class="icon icon-diamond11"></i>											</div>

					<h3 class="pp-flipbox-heading">
						IL DIAMANTE NERO					</h3>

					<div class="pp-flipbox-content">
											</div>
				</div>
			</div>
		</div>
				<div class="pp-flipbox-back">
						<div class="pp-flipbox-overlay">
				<div class="pp-flipbox-inner">
											<div class="pp-flipbox-icon-image-back pp-icon">
															<i aria-hidden="true" class="icon icon-diamond"></i>													</div>
					
											<h3 class="pp-flipbox-heading">
							IL DIAMANTE NERO						</h3>
					
					<div class="pp-flipbox-content">
						I diamanti neri sono simili ai diamanti bianchi, ma hanno una quantità estremamente elevata di inclusioni, di grafite al loro interno al punto da apparire neri. Mentre i diamanti bianchi e altri diamanti colorati sono solitamente estratti da roccia vulcanica esplosiva, il diamante nero viene estratto da depositi alluvionali in Brasile e nella Repubblica Centrafricana. Si dice che: nel 2006, in un articolo sull'Astrophysical Journal Letters, alcuni ricercatori teorizzano che il diamante nero abbia avuto origine nello spazio esterno, per poi ricadere nell'atmosfera terrestre.					</div>

									</div>
			</div>
		</div>
					</div>
		</div>
						</div>
				</div>
					</div>
		</div>
					</div>
		</section>
				</div>

<h4>Bracciale Albero Vita Diamanti</h4>
<p>“Fiori e frutti deliziano l’osservatore, ma le radici profonde salvano l’albero nella tempesta.” – Ferruccio Parrinello</p>
<p data-path-to-node="4">Il bracciale &#8220;<strong>Albero</strong>  <strong>Vita</strong>&#8221; firmata Silvia Kelly è molto più di un semplice accessorio; è un racconto visivo che celebra la forza dell&#8217;esistenza, la crescita e le radici profonde che ci definiscono. In questa creazione esclusiva in <strong>oro rosa e bianco</strong> 18kt, il cuore del design è impreziosito da una selezione di <b data-path-to-node="4" data-index-in-node="302">diamanti</b> purissimi, incastonati con maestria per infondere luce a ogni ramo e foglia della composizione.<br />
I <b data-path-to-node="4" data-index-in-node="409">diamanti</b>, simboli universali di forza invincibile e purezza, trasformano questo simbolo millenario in un gioiello di lusso contemporaneo, capace di catturare lo sguardo attraverso riflessi magnetici e una brillantezza senza pari. Scegliere un gioiello con <b data-path-to-node="4" data-index-in-node="665">diamanti</b> per rappresentare l&#8217;Albero della Vita significa dare un valore eterno ai propri legami e alla propria storia personale.</p>
<p data-path-to-node="5">L&#8217;<strong>artigianalità</strong> Made in Italy emerge prepotentemente nella delicatezza del traforo e nella precisione con cui i <b data-path-to-node="5" data-index-in-node="112">diamanti</b> sono stati posizionati lungo la struttura. Realizzato interamente <strong>a mano</strong>, ogni bracciale richiede ore di paziente lavoro orafo per assicurare che la luce possa attraversare ogni gemma, esaltando il fuoco naturale dei <b data-path-to-node="5" data-index-in-node="338">diamanti</b>.<br />
La montatura è studiata per essere leggera e confortevole, permettendo ai <b data-path-to-node="5" data-index-in-node="422">diamanti</b> di risaltare sulla pelle come piccole stelle incastonate nell&#8217;oro. Questa attenzione al dettaglio è ciò che distingue una creazione di alta gioielleria <strong>artigianale</strong>: una cura che si avverte al tatto e che garantisce la massima sicurezza e durata nel tempo per ogni singolo diamante incastonato.</p>
<p data-path-to-node="6">Indossare il bracciale <strong>Albero Vita</strong> con <b data-path-to-node="6" data-index-in-node="45">diamanti</b> significa portare con sé un messaggio di speranza e di continuità, reso splendente dalla pietra più preziosa al mondo. Che sia un regalo per celebrare una nuova nascita, un traguardo importante o un legame indissolubile, questo gioiello con <b data-path-to-node="6" data-index-in-node="295">diamanti</b> parla un linguaggio di amore e bellezza senza tempo. Ogni volta che il polso si muove, i <b data-path-to-node="6" data-index-in-node="393">diamanti</b> scintillano, ricordandoci la luminosità dei nostri sogni e la solidità delle nostre radici.</p>
<p data-path-to-node="6">Grazie alla fusione tra design simbolico e l&#8217;eccellenza delle pietre selezionate, il bracciale <strong>Albero Vita</strong> diventa un tesoro da custodire, un’icona di stile che celebra la vita attraverso la luce eterna dei <b data-path-to-node="6" data-index-in-node="707">diamanti</b>.</p>
<p data-path-to-node="6">
