{"id":33253,"date":"2022-08-30T11:09:49","date_gmt":"2022-08-30T11:09:49","guid":{"rendered":"https:\/\/www.silviakelly.it\/product\/anello-ivette\/"},"modified":"2026-04-22T08:36:14","modified_gmt":"2026-04-22T08:36:14","slug":"anello-ivette-giada-3b","status":"publish","type":"product","link":"https:\/\/www.silviakelly.it\/it\/prodotto\/anello-ivette-giada-3b\/","title":{"rendered":"Ivette Giada"},"content":{"rendered":"\t\t<div data-elementor-type=\"page\" data-elementor-id=\"25829\" class=\"elementor elementor-25829 elementor-25396\" data-elementor-post-type=\"elementor_library\">\n\t\t\t\t\t\t<section class=\"elementor-section elementor-top-section elementor-element elementor-element-e68b9b7 elementor-section-full_width elementor-section-height-default elementor-section-height-default\" data-id=\"e68b9b7\" data-element_type=\"section\" data-e-type=\"section\">\n\t\t\t\t\t\t<div class=\"elementor-container elementor-column-gap-default\">\n\t\t\t\t\t<div class=\"elementor-column elementor-col-100 elementor-top-column elementor-element elementor-element-a0a2560\" data-id=\"a0a2560\" data-element_type=\"column\" data-e-type=\"column\">\n\t\t\t<div class=\"elementor-widget-wrap elementor-element-populated\">\n\t\t\t\t\t\t<div class=\"elementor-element elementor-element-7c0a3d4 elementor-widget elementor-widget-pp-flipbox\" data-id=\"7c0a3d4\" data-element_type=\"widget\" data-e-type=\"widget\" data-widget_type=\"pp-flipbox.default\">\n\t\t\t\t<div class=\"elementor-widget-container\">\n\t\t\t\t\t\t\t<div class=\"pp-flipbox-container pp-animate-fade pp-direction-\">\n\t\t\t<div class=\"pp-flipbox-flip-card\">\n\t\t\t\t\t\t<div class=\"pp-flipbox-front\">\n\t\t\t<div class=\"pp-flipbox-overlay\">\n\t\t\t\t<div class=\"pp-flipbox-inner\">\n\t\t\t\t\t<div class=\"pp-flipbox-icon-image pp-icon\">\n\t\t\t\t\t\t\t\t\t\t\t\t\t<i aria-hidden=\"true\" class=\"icon icon-diamond11\"><\/i>\t\t\t\t\t\t\t\t\t\t\t<\/div>\n\n\t\t\t\t\t<h3 class=\"pp-flipbox-heading\">\n\t\t\t\t\t\tLA GIADA VERDE\t\t\t\t\t<\/h3>\n\n\t\t\t\t\t<div class=\"pp-flipbox-content\">\n\t\t\t\t\t\t\t\t\t\t\t<\/div>\n\t\t\t\t<\/div>\n\t\t\t<\/div>\n\t\t<\/div>\n\t\t\t\t<div class=\"pp-flipbox-back\">\n\t\t\t\t\t\t<div class=\"pp-flipbox-overlay\">\n\t\t\t\t<div class=\"pp-flipbox-inner\">\n\t\t\t\t\t\t\t\t\t\t\t<div class=\"pp-flipbox-icon-image-back pp-icon\">\n\t\t\t\t\t\t\t\t\t\t\t\t\t\t\t<i aria-hidden=\"true\" class=\"icon icon-diamond\"><\/i>\t\t\t\t\t\t\t\t\t\t\t\t\t<\/div>\n\t\t\t\t\t\n\t\t\t\t\t\t\t\t\t\t\t<h3 class=\"pp-flipbox-heading\">\n\t\t\t\t\t\t\tLA GIADA VERDE\t\t\t\t\t\t<\/h3>\n\t\t\t\t\t\n\t\t\t\t\t<div class=\"pp-flipbox-content\">\n\t\t\t\t\t\tOggi \u00e8 la giada giadeite ad essere considerata la vera giada (pi\u00f9 preziosa della nefrite perch\u00e9 ha un colore verde molto pi\u00f9 brillante e una maggiore traslucenza). Da sempre considerata in Cina gemma regale, il termine Yu (giada, in cinese) si usa per indicare qualcosa di prezioso, come per noi la parola oro. La giada giadeite si trova in Myanmar. Si dice che porti abbondanza, prosperit\u00e0, serenit\u00e0, saggezza, longevit\u00e0. Per migliaia di anni, la giada \u00e8 stata il simbolo dell'amore e della virt\u00f9.\t\t\t\t\t<\/div>\n\n\t\t\t\t\t\t\t\t\t<\/div>\n\t\t\t<\/div>\n\t\t<\/div>\n\t\t\t\t\t<\/div>\n\t\t<\/div>\n\t\t\t\t\t\t<\/div>\n\t\t\t\t<\/div>\n\t\t\t\t\t<\/div>\n\t\t<\/div>\n\t\t\t\t\t<\/div>\n\t\t<\/section>\n\t\t\t\t<\/div>\n\t\t\n","protected":false},"excerpt":{"rendered":"<h4>Anello Ivette (3B) Giada<\/h4>\n<p>\u201cIl verde \u00e8 il colore primario del mondo, ci\u00f2 da cui nasce la sua bellezza.\u201d \u2013 Pedro Calder\u00f3n de la Barca<\/p>\n<p data-path-to-node=\"3\">Lasciati sedurre dal richiamo magnetico di una bellezza primordiale, un\u2019emozione che affonda le radici nel tempo per farsi design contemporaneo.<br \/>\nL\u2019<b data-path-to-node=\"3\" data-index-in-node=\"147\">Anello Ivette<\/b> non \u00e8 un semplice accessorio, ma un abbraccio prezioso: la sua struttura avvolge il dito con la danza luminosa dell&#8217;<b data-path-to-node=\"3\" data-index-in-node=\"277\">oro rosa e bianco 18kt<\/b>, creando un contrasto cromatico che evoca i riflessi dell\u2019alba sulla roccia.<\/p>\n<p data-path-to-node=\"4\">Al centro di questo intreccio perfetto brilla una <b data-path-to-node=\"4\" data-index-in-node=\"50\">giada autentica<\/b>, gemma millenaria che incarna la sinfonia assoluta tra la forza selvaggia della natura e la raffinatezza dello stile artigianale.<br \/>\n\u00c8 un gioiello concepito per l\u2019anima che non si accontenta dell\u2019apparenza, ma ricerca un\u2019<b data-path-to-node=\"4\" data-index-in-node=\"284\">eleganza rara<\/b>, capace di raccontare una storia di armonia profonda e significato spirituale. Indossarlo significa scegliere un equilibrio perfetto, dove ogni riflesso diventa un inno alla tua unicit\u00e0.<\/p>\n","protected":false},"featured_media":40018,"template":"","meta":{"_acf_changed":false},"product_brand":[],"product_cat":[313],"product_tag":[],"class_list":{"0":"post-33253","1":"product","2":"type-product","3":"status-publish","4":"has-post-thumbnail","6":"product_cat-anelli","7":"product_shipping_class-tutti-i-paesi-it","9":"first","10":"instock","11":"shipping-taxable","12":"purchasable","13":"product-type-simple"},"acf":[],"_links":{"self":[{"href":"https:\/\/www.silviakelly.it\/it\/wp-json\/wp\/v2\/product\/33253","targetHints":{"allow":["GET"]}}],"collection":[{"href":"https:\/\/www.silviakelly.it\/it\/wp-json\/wp\/v2\/product"}],"about":[{"href":"https:\/\/www.silviakelly.it\/it\/wp-json\/wp\/v2\/types\/product"}],"version-history":[{"count":9,"href":"https:\/\/www.silviakelly.it\/it\/wp-json\/wp\/v2\/product\/33253\/revisions"}],"predecessor-version":[{"id":40026,"href":"https:\/\/www.silviakelly.it\/it\/wp-json\/wp\/v2\/product\/33253\/revisions\/40026"}],"wp:featuredmedia":[{"embeddable":true,"href":"https:\/\/www.silviakelly.it\/it\/wp-json\/wp\/v2\/media\/40018"}],"wp:attachment":[{"href":"https:\/\/www.silviakelly.it\/it\/wp-json\/wp\/v2\/media?parent=33253"}],"wp:term":[{"taxonomy":"product_brand","embeddable":true,"href":"https:\/\/www.silviakelly.it\/it\/wp-json\/wp\/v2\/product_brand?post=33253"},{"taxonomy":"product_cat","embeddable":true,"href":"https:\/\/www.silviakelly.it\/it\/wp-json\/wp\/v2\/product_cat?post=33253"},{"taxonomy":"product_tag","embeddable":true,"href":"https:\/\/www.silviakelly.it\/it\/wp-json\/wp\/v2\/product_tag?post=33253"}],"curies":[{"name":"wp","href":"https:\/\/api.w.org\/{rel}","templated":true}]}}

<div data-elementor-type="page" data-elementor-id="25829" class="elementor elementor-25829 elementor-25396" data-elementor-post-type="elementor_library">
						<section class="elementor-section elementor-top-section elementor-element elementor-element-e68b9b7 elementor-section-full_width elementor-section-height-default elementor-section-height-default" data-id="e68b9b7" data-element_type="section" data-e-type="section">
						<div class="elementor-container elementor-column-gap-default">
					<div class="elementor-column elementor-col-100 elementor-top-column elementor-element elementor-element-a0a2560" data-id="a0a2560" data-element_type="column" data-e-type="column">
			<div class="elementor-widget-wrap elementor-element-populated">
						<div class="elementor-element elementor-element-7c0a3d4 elementor-widget elementor-widget-pp-flipbox" data-id="7c0a3d4" data-element_type="widget" data-e-type="widget" data-widget_type="pp-flipbox.default">
				<div class="elementor-widget-container">
							<div class="pp-flipbox-container pp-animate-fade pp-direction-">
			<div class="pp-flipbox-flip-card">
						<div class="pp-flipbox-front">
			<div class="pp-flipbox-overlay">
				<div class="pp-flipbox-inner">
					<div class="pp-flipbox-icon-image pp-icon">
													<i aria-hidden="true" class="icon icon-diamond11"></i>											</div>

					<h3 class="pp-flipbox-heading">
						LA GIADA VERDE					</h3>

					<div class="pp-flipbox-content">
											</div>
				</div>
			</div>
		</div>
				<div class="pp-flipbox-back">
						<div class="pp-flipbox-overlay">
				<div class="pp-flipbox-inner">
											<div class="pp-flipbox-icon-image-back pp-icon">
															<i aria-hidden="true" class="icon icon-diamond"></i>													</div>
					
											<h3 class="pp-flipbox-heading">
							LA GIADA VERDE						</h3>
					
					<div class="pp-flipbox-content">
						Oggi è la giada giadeite ad essere considerata la vera giada (più preziosa della nefrite perché ha un colore verde molto più brillante e una maggiore traslucenza). Da sempre considerata in Cina gemma regale, il termine Yu (giada, in cinese) si usa per indicare qualcosa di prezioso, come per noi la parola oro. La giada giadeite si trova in Myanmar. Si dice che porti abbondanza, prosperità, serenità, saggezza, longevità. Per migliaia di anni, la giada è stata il simbolo dell'amore e della virtù.					</div>

									</div>
			</div>
		</div>
					</div>
		</div>
						</div>
				</div>
					</div>
		</div>
					</div>
		</section>
				</div>

<h4>Anello Ivette (3B) Giada</h4>
<p>“Il verde è il colore primario del mondo, ciò da cui nasce la sua bellezza.” – Pedro Calderón de la Barca</p>
<p data-path-to-node="3">Lasciati sedurre dal richiamo magnetico di una bellezza primordiale, un’emozione che affonda le radici nel tempo per farsi design contemporaneo.<br />
L’<b data-path-to-node="3" data-index-in-node="147">Anello Ivette</b> non è un semplice accessorio, ma un abbraccio prezioso: la sua struttura avvolge il dito con la danza luminosa dell&#8217;<b data-path-to-node="3" data-index-in-node="277">oro rosa e bianco 18kt</b>, creando un contrasto cromatico che evoca i riflessi dell’alba sulla roccia.</p>
<p data-path-to-node="4">Al centro di questo intreccio perfetto brilla una <b data-path-to-node="4" data-index-in-node="50">giada autentica</b>, gemma millenaria che incarna la sinfonia assoluta tra la forza selvaggia della natura e la raffinatezza dello stile artigianale.<br />
È un gioiello concepito per l’anima che non si accontenta dell’apparenza, ma ricerca un’<b data-path-to-node="4" data-index-in-node="284">eleganza rara</b>, capace di raccontare una storia di armonia profonda e significato spirituale. Indossarlo significa scegliere un equilibrio perfetto, dove ogni riflesso diventa un inno alla tua unicità.</p>
